test common divisor of q and d.
75
Let m = 185 - 183. Let i be -1*(m + 9/(-6))*-10. Calculate the highest common divisor of 45 and i.
5
Suppose 27247 = -30*b + 511147. Calculate the highest common factor of 20 and b.
10
Let p be 0 - 22*33/(-2). Let l be (246/18 - 15) + (-206)/(-6). What is the greatest common divisor of p and l?
33
Let v be 396*(6064/(-176) - -35). Suppose -2*d = d - 2*b - 436, -5*b - 730 = -5*d. What is the greatest common divisor of v and d?
72
Let l be (-2747 + 2)*3120/(-650). What is the highest common factor of l and 54?
54
Suppose -4*a = 31*u - 33*u - 3426, 6*u = -4*a + 3418. Calculate the greatest common divisor of 328 and a.
8
Let z(y) = -91*y - 5922. Let a be z(-71). What is the greatest common factor of 245 and a?
49
Let n = -436 + 613. Suppose 4*f - l = n, -3*l - 91 = -4*f + 80. Calculate the greatest common divisor of 75 and f.
15
Suppose b = -4*b - 65. Suppose -2*i = -2*m + 120, 414*m - 410*m - 191 = -3*i. Let f = m + b. Calculate the greatest common divisor of f and 5.
5
Let h = 32 + -17. Suppose 3*p = -h, 2*a + 3*p = 6*a - 1079. Suppose 0 = -7*d + 13*d - 228. What is the highest common factor of a and d?
38
Suppose 4*y = p + 13916, y = -p + 1470 + 2009. What is the greatest common factor of y and 142?
71
Suppose 5567*l - 6*d - 76464 = 5563*l, 0 = 2*d. What is the highest common divisor of 472 and l?
236
Suppose 4*v + 32*z - 96 = 35*z, -5*z = 5*v - 190. Calculate the highest common divisor of 438 and v.
6
Let y = 0 + 11. Suppose -5*j = x - 24, -2*j = 5*x - 3*j - 250. Let z = x + -38. What is the greatest common factor of y and z?
11
Let w = 28077 - 27321. Calculate the highest common divisor of w and 420.
84
Suppose 0 = 23*b - 61005 - 27499. Calculate the greatest common divisor of b and 26.
26
Suppose n = 4*j - 14310, -90*j + 87*j - 5*n = -10767. What is the highest common divisor of j and 3?
3
Let g = 24381 + -24293. Let v(m) = m**3 - m**2 - 8*m. Let f be v(6). What is the greatest common factor of f and g?
44
Let q = 1103 - -110. Let f(v) = 84*v**2 - 2*v + 1. Let o be f(2). Suppose q = 8*p + o. Calculate the highest common factor of 44 and p.
22
Let g be (-37)/222*3 + (-2775)/(-6). Calculate the highest common factor of 1518 and g.
66
Suppose 0 = -44*i + 2358 + 1338. Suppose -40 - 140 = -5*p. Calculate the highest common factor of i and p.
12
Let w = 13796 + -13757. What is the greatest common factor of w and 9399?
39
Suppose r - 6 = -r. Suppose -r*q = q - 16. Suppose -45 = -5*f + 189*l - 193*l, -5*l + 45 = -5*f. Calculate the greatest common factor of q and f.
1
Let l be (54/10 + -5)*1765. Let i = l - 464. Suppose 2*q = n + 39, q = 3*n + 2*n - 3. What is the highest common factor of i and q?
22
Let x be 2 + 1 + (-38)/6*-57. Suppose 0 = 2*o + 2*y - x, -3*o + 3*y - 2*y + 550 = 0. Calculate the greatest common factor of o and 3.
3
Let q = 14064 + -13699. Calculate the greatest common divisor of 45 and q.
5
Let b = -36998 - -37113. Calculate the greatest common factor of b and 11017.
23
Let f = -8291 - -8826. What is the greatest common divisor of 65 and f?
5
Suppose 0 = 5*i - 4*k - 31139, -10*i + 7*i + 4*k = -18685. Calculate the highest common divisor of 13 and i.
13
Let t(f) be the second derivative of f**4/2 - 5*f**3/6 - 2*f**2 - 7*f + 3. Let l be t(-3). Calculate the greatest common factor of l and 13.
13
Suppose 41*l - 27*l - 56 = 0. Suppose -3*m = -0*m + j - 14, -l*m + 7 = -j. Calculate the highest common factor of 20 and m.
1
Let l be 7 - (1*-1 + 1). Let k = 380 - 358. Suppose -u - 5*x + k = -19, -2*x + 50 = u. What is the highest common factor of u and l?
7
Let k(h) = h**3 + 38*h**2 + 72*h + 3. Let s be k(-36). Suppose 4*i + 2*d - 1252 + 270 = 0, -s*i + 724 = 4*d. What is the highest common divisor of i and 31?
31
Let q(w) = 226*w + 13493. Let a be q(-59). Calculate the highest common divisor of 11183 and a.
53
Let h be (-21 - -33)*2/(-4). Let b be (124/(-24) + 2)*h. What is the highest common divisor of 171 and b?
19
Let s be (-9)/2*84/(-9). Let b be 19/((-380)/48)*220/(-6). Suppose -k = -94 + b. What is the highest common divisor of s and k?
6
Let r = 71 + -35. Suppose -24*o = -9*o - 5400. Suppose 0*j + o = 4*j. What is the highest common divisor of j and r?
18
Suppose -3*f + 9*o + 404 = 11*o, f - 146 = 5*o. What is the greatest common factor of 323 and f?
17
Let f = -285 + 2910. Calculate the greatest common divisor of f and 21.
21
Let k = -2061 + 2256. Calculate the greatest common divisor of k and 1599.
39
Let x be -12*((-8)/6)/2. Let w(r) = r**3 + 5*r**2 + 6*r + 4. Let q be w(-4). Let b be q + 1 - -59*1. What is the greatest common divisor of b and x?
8
Suppose 5*n + 5 = 0, 1345 = 3*k + 4*n - 4873. What is the highest common divisor of k and 610?
122
Let j(z) = 399*z + 1213. Let x be j(-3). What is the highest common factor of x and 664?
8
Let c = 30055 - 30027. What is the greatest common factor of 5992 and c?
28
Let i be (-543)/(-3258) + (-43415)/(-6). Calculate the greatest common factor of 216 and i.
108
Let x = -6939 - -7259. Calculate the highest common factor of x and 12.
4
Suppose 11*l - 23485 = 374. What is the highest common divisor of 9 and l?
9
Let d(v) = v**3 - 19*v + 96. Let y be d(5). What is the greatest common factor of y and 189?
63
Suppose 4*y + 303 = 5*v - 349, -v = y - 125. Let j = 24 + -8. What is the greatest common divisor of v and j?
16
Suppose -24 = -6*l + 3*l. Suppose -6*h = -0*h - 54. Let v be (120/(-25))/(h/(-30)). Calculate the highest common factor of l and v.
8
Let m be -118*(-3)/6 + 1. Let z(h) = h**2 + 6*h + 1. Let q be z(-7). Let y(i) = i**2 - 6*i - 1. Let w be y(q). Calculate the greatest common factor of m and w.
15
Let h = 21576 - 16854. Calculate the greatest common divisor of h and 36.
6
Suppose -31*u + 794 = -3099 + 80. Calculate the highest common factor of u and 201.
3
Let g = -4400 + 4976. What is the highest common divisor of 5256 and g?
72
Let k(z) = -z**3 - 4*z**2 + 2*z - 1. Let f be k(1). Let r be (f - -2)*(-17)/(34/20). What is the greatest common divisor of 15 and r?
5
Suppose -2*f = -3*k - 282, 14*f - 5*k = 11*f + 420. Suppose -3*a = -6*a + 180. Calculate the greatest common factor of a and f.
30
Let g be (-6)/(-4) - (-672)/(-192). Let r(x) = -3*x + 8. Let m be r(-6). Let w = m - g. What is the greatest common divisor of w and 28?
28
Suppose 11220 = 14*a + 20*a. Let m(z) = z**3 + 7*z**2 - 9*z - 5. Let o be m(-8). Suppose -150 = -o*i - 2*i. What is the greatest common divisor of a and i?
30
Suppose 46*s - 31*s + 3255 = 0. Let w = 221 + s. What is the highest common factor of w and 64?
4
Let d = 7612 + -7444. What is the greatest common divisor of 2160 and d?
24
Let b(n) = 212*n + 7316. Let f be b(-34). What is the greatest common divisor of f and 6750?
54
Let b = 4440 - 3950. Calculate the greatest common divisor of 210 and b.
70
Let z(u) = 7*u**3 - 4*u**2 + 2*u. Let w be z(1). Suppose 0 = -2*o - 8*j + 4*j + 90, w*j + 150 = 5*o. What is the greatest common factor of o and 5?
5
Suppose -98*f + 15*f = 53*f - 272. Calculate the highest common divisor of f and 1874.
2
Let o = 252 + -255. Let a(t) = -4*t**3 - 4*t**2 - 2*t - 8. Let k be a(o). Calculate the greatest common factor of 42 and k.
14
Let h = -17 + 22. Suppose x + 176 = h*x. Suppose x = 2*f + 22. What is the greatest common divisor of f and 22?
11
Let g be (-8)/(62/310*1/(-1)). Calculate the greatest common factor of 264 and g.
8
Let h = 7365 + -7090. Let c(y) = -16*y + 2. Let d be c(-3). Calculate the greatest common factor of d and h.
25
Suppose -13*n + 18*n = 245. Let g = 28 + n. Calculate the highest common divisor of g and 11.
11
Let p be 10/(-4) + 427136/256. Calculate the greatest common factor of p and 182.
14
Suppose 0 = -36*g + 35*g + j + 42, g - 5*j - 54 = 0. What is the greatest common factor of g and 9?
3
Let q be (10 - 0)/(6/15). Calculate the greatest common divisor of q and 11.
1
Suppose 10697 = 3*x + m - 6473, m = x - 5718. Calculate the highest common divisor of 2 and x.
2
Let u = 9362 + -3286. What is the greatest common factor of 124 and u?
124
Let y(u) = 40*u + 1266. Let f be y(-27). Calculate the highest common divisor of f and 434.
62
Let w(q) = 5*q**2 - 98*q + 80. Let m be w(19). Calculate the greatest common factor of 1679 and m.
23
Let s(l) = l**3 - 14*l**2 - 4*l +